e 0/(-4) + 0 + (-4)/(-2). Suppose c*m + g*m = 92. Is m a prime number?
False
Suppose -6 = 3*l, 2*t + 5*l = 2*l + 15332. Is t a prime number?
True
Let f be (-8)/6*3/(-2). Let j = f + -7. Is (1*-127)/(-6 - j) a composite number?
False
Let a = 17 + -4. Let q = -13 + a. Suppose -5*z + q*z + 410 = 0. Is z prime?
False
Suppose -4*f + 50*r + 20093 = 53*r, -f - 5*r = -5002. Is f composite?
True
Let n = 73552 - 51623. Is n composite?
False
Let a = 2106 - -3560. Is a a prime number?
False
Let r(o) = 199*o - 1. Let h be r(1). Suppose h + 204 = 6*q. Is q prime?
True
Suppose -2 = 4*r + 2. Let h(p) = -257*p**2 - p - 2. Let k be h(r). Is (-3 - k - -2)/1 a prime number?
True
Let m = 9 + -6. Let b(p) = 42*p**2 + 1. Let o be b(m). Let x = -222 + o. Is x prime?
True
Let a(r) = 2*r + 35. Let g be a(-17). Is g + (-446)/(-1) - 4 a composite number?
False
Let m(b) = -95*b + 30. Let i be m(4). Let u = i + 913. Is u a composite number?
False
Suppose -3*i + i + 3820 = 0. Let u = -55 - -55. Suppose -5*p = -u*p - i. Is p composite?
True
Is 109167*(2 - (-3 + 4)) a prime number?
False
Suppose -5*x - 9714 = -2*v, 0*v - 2*v + 4*x + 9718 = 0. Is v a prime number?
False
Let h = -7 + -5. Let j be (3/h)/(1/(-4)). Is 3*j*99/27 composite?
False
Let g(l) = -92*l**2 - 5*l + 8. Let i be g(2). Let t = i + 581. Is t a composite number?
False
Suppose 4*y = -2*v + 15428, 4*v - 4211 - 3491 = -2*y. Is y prime?
False
Is (-5 + -1 + 8)*8605/10 composite?
False
Let x(t) = -3*t - 16. Let w be x(-6). Suppose -w*q + 86 = -24. Suppose -c - 3*n - q = -198, -2*n = 4*c - 592. Is c a prime number?
True
Let i = 505 + -1615. Let b = -329 - i. Is b a prime number?
False
Let b(m) = 32*m - 19*m - 14*m - 18. Let v be b(-21). Let u(r) = 3*r**3 + 4*r**2 - 6*r + 7. Is u(v) a composite number?
True
Suppose 4*t - 3*x = 1149, x = -3*t - 0*x + 878. Suppose 4*g + p + t = 2*p, 3*g - 3*p + 225 = 0. Let b = g + 379. Is b a composite number?
False
Let n = 10969 - 5010. Is n a composite number?
True
Suppose 4*j = -2*j + 30. Is 3 - (j - 2) - -7133 composite?
True
Let j(x) = -238*x - 9. Let s be j(-4). Suppose -5*o - 5*f = -o - s, -3*f = -3*o + 714. Is o a composite number?
True
Let x = 15 - 15. Let y be (8/10)/((-6)/(-45)). Suppose y*f - f - 995 = x. Is f prime?
True
Suppose 4*q + 1851 - 20039 = 0. Is q a composite number?
False
Is 2 - ((-8 - 2) + -909) a prime number?
False
Let t(f) = 5*f - 5. Let x be t(6). Let j be (-6)/10 + (-85)/x. Is (-1042)/j - 21/14 a prime number?
False
Let r be (3 - 3 - 3) + 8. Suppose 0 = -r*v + 144 + 2136. Suppose -197 = -2*j + q, v = 5*j + q - 26. Is j prime?
True
Let s(v) = v**2 + 12*v + 6. Let q = 36 + -23. Is s(q) a prime number?
True
Suppose 0*j + j = m - 6, -4*j - 15 = 5*m. Is (-4 - -795) + (-6 - (-1 - m)) a composite number?
False
Let j(f) = 1040*f. Let q be j(2). Suppose 5084 - q = 4*v. Is v a composite number?
False
Let w = -40 + 43. Suppose w*p - 82 = 29. Is p composite?
False
Suppose -2*s = -4*i - 22, 0*s - 3*i + 6 = s. Let m be 6/18 - (-15)/s. Suppose -3*n - 95 = -2*j + 98, -m*n = -5*j + 455. Is j prime?
True
Suppose 30565 = 9*v - 4*v. Is v composite?
False
Let h be -3 - (4 + -1 + -4). Is -1 - h - (-58)/1 prime?
True
Let p(l) = -965*l**3 - l**2 - 2*l - 5. Is p(-2) prime?
False
Let g = -136 + 230. Suppose 4*h - 750 = g. Is h prime?
True
Let a(k) = 8*k**2 + 2*k**3 + 7 - 4*k**3 + 3*k**3 - 5*k. Let l be a(-6). Suppose 2*h - 695 = -l. Is h composite?
False
Suppose 8*t - 2*t - 66 = 0. Let y be (-106)/(-22) - (-2)/t. Suppose 0 = 3*h - 0*h + 5*o - 317, 0 = 5*h + y*o - 535. Is h a prime number?
True
Let a = -289 + 1280. Suppose -a = -3*g + 5*v, 4*g + v + 126 = 1409. Suppose -4*i + 2*i = -g. Is i a composite number?
True
Let q = -4 - -2. Is q/(-4) - 4257/(-18) a prime number?
False
Let m = -30389 - -44892. Is m composite?
False
Let k = 22 + 2. Suppose -3*m - 25 = -4*x + 2*x, -3*x + 40 = -5*m. Let u = m + k. Is u a prime number?
True
Let f = -18358 - -50837. Is f composite?
False
Let a(t) = 7*t**3 + 3*t**2 + 18*t + 33. Let s be a(17). Suppose -2*h - 2 = -6, s = 5*d - 4*h. Is d a composite number?
False
Suppose k - 1 = -3*w + 1, -5*k = 5*w - 20. Let o be (-5)/(((-10)/(-14))/k). Is (-4)/14 - 2495/o a prime number?
True
Suppose 468751 = 29*f - 152748. Is f prime?
False
Suppose 4*r + 4*r = 4*r. Suppose 0 = -o - 0*u - 3*u + 317, r = -5*o - 4*u + 1607. Is o a composite number?
True
Suppose -8 = -7*f + 5*f. Let h(v) = v - 2. Let i be h(f). Suppose -2*z + 316 = i*z. Is z prime?
True
Let u = 2450 + 4269. Is u a prime number?
True
Let g(z) = 4*z**2 - 9*z - 2. Let l(f) = -5*f**2 + 8*f + 3. Let m(q) = 3*g(q) + 2*l(q). Let o be m(15). Is (0 + -1)/((-15)/o) prime?
True
Let g(h) = 143*h - 16. Let z be g(3). Let m = -16 + z. Is m a prime number?
True
Let z(j) = j**2 + 6*j + 4. Let b be z(-5). Is ((12/8)/(6/(-712)))/b a composite number?
True
Let r = 8 - 8. Suppose 5*n - 4*j = 265, r*n + 5*n - 265 = -j. Is n composite?
False
Suppose -4*j = j. Suppose j = -0*u + u - 383. Let t = 158 + u. Is t a prime number?
True
Let l(m) be the second derivative of -1/20*m**5 + 1/2*m**2 + 0 + 5*m + 3/4*m**4 + 5/6*m**3. Is l(7) a prime number?
False
Suppose n - 2*n = 974. Let s = n - -392. Let z = 831 + s. Is z prime?
False
Let z(x) = x**3 + 9*x**2 + 10. Let b be z(-9). Suppose -b*j + 3*j + 231 = 0. Is j a composite number?
True
Let r be -24*4/(-6)*1. Let z = r - 28. Is z/3 + (55 - -2) a prime number?
True
Suppose 0 = -5*w + w. Suppose -y + h + 2*h = w, 4*h + 11 = 5*y. Suppose 8 = 4*d + y*n - 8, 4*d + 5*n = 8. Is d composite?
False
Let i = -31 - -46. Let w be (-30)/9*i/(-10). Suppose w*y = y + 596. Is y a prime number?
True
Suppose -3*t - 8 = 5*m, -5*t + m = -2*m - 32. Suppose 5*r = -5*n + 2410, 3*n = -t*r + 4*n + 1913. Is r a composite number?
False
Let b(u) = -6*u**3 - 3*u**2 - u - 4. Let j be b(-3). Suppose s = -y - 0 + j, 406 = 3*y + 4*s. Suppose 0 = 2*a + r - 90, r - 46 = -4*a + y. Is a a prime number?
True
Let m = 276 + 654. Is (m/(-12))/((-2)/4) prime?
False
Let c(u) = u**3 - 7*u**2 + 15*u - 5. Let q be c(4). Suppose -9937 = -q*g + 864. Is g prime?
True
Let o(w) = -8*w**3 + 3*w**2 - w + 7. Is o(-5) prime?
True
Suppose 7*g - 30 = g. Suppose g*f + 3*h = 2264, -5*f + 2*h = -1616 - 633. Is f prime?
False
Suppose 2*x - x = 2*w - 5, -4*x - 4*w = -40. Suppose -x*y - 20 = 0, c - 2*y = -0*c + 11. Suppose -c*u - 3*h = -126, -6*u - 4*h + 94 = -4*u. Is u a prime number?
True
Let n(h) = 5*h**3 + 20*h**2 - 23*h + 3. Let t(j) = 3*j**3 + 10*j**2 - 12*j + 2. Let u(m) = 4*n(m) - 7*t(m). Is u(7) a composite number?
False
Let c(n) = -n**2 + 2*n - 1. Let h be c(3). Let m be 1408*1/1 + h. Suppose 6*y = m + 2334. Is y a composite number?
True
Suppose 5*f - 3733 - 9792 = 0. Is f a composite number?
True
Let i(z) = z**3 + 7*z**2 + 7*z + 9. Let d be i(-6). Suppose d*n = -n. Is n/1 - (-4 - 27) composite?
False
Let c(g) = -g**3 - 5*g**2 + 4. Let w be c(-5). Suppose -3*b = -a - 3 + 14, -3*b + w*a - 17 = 0. Is 2 - (-2 + -44) - b a composite number?
True
Suppose -3*h - 1836 = -4*h - 2*l, 4*h + 5*l = 7350. Suppose -6*x - 2*g = -2*x - h, 3*g - 928 = -2*x. Is x composite?
True
Let d be 4 - (-1 + (4 - 4)). Suppose 3*c = 2*k - d*k + 2004, -c = -2*k + 1345. Is k composite?
True
Let r(h) = -h**3 + 36*h**2 + 5*h + 9. Is r(34) a composite number?
True
Suppose -q + 1 = -3. Suppose -2*z + 1002 = 3*l, -q*l + z + 1217 = -119. Is l a prime number?
False
Let z(u) = -1329*u**2 + 4*u - 3. Let a be z(1). Let k be 3/(1 - a/(-1340)). Suppose k = 4*r + r. Is r composite?
False
Let i(u) = -4*u**3 - 19*u**2 - 29*u - 33. Is i(-7) composite?
True
Is 182281/66 - (1 + (-14)/12) a composite number?
True
Let z = 1140 - 391. Is z prime?
False
Let a = 8569 + 1990. Is a composite?
False
Let i(x) = 3*x + 18. Let u be i(-6). Suppose -793 = -4*q - 2*j + 861, 5*q + j - 2066 = u. Is q a prime number?
False
Let p(u) = u**2 + u + 1. Let l(g) = -19*g**2 + 3*g + 7. Let v(i) = -l(i) + 6*p(i). Let n be v(3). Let c = n + 44. Is c prime?
True
Let c(d) = -2*d**3 - d**2 - 5*d - 5. Let x(l) = l**3 + l**2. Let n(w) = c(w) + 3*x(w). Let t(z) be the first derivative of n(z). Is t(-6) prime?
True
Let m(t) be the second derivative of -101*t**5/20 - t**4/3 - t**3/6 + 4*t**2 - 5*t. Let o be m(4). Is o/(-42) - 1/3 a prime number?
False
Let a(f) be the first derivative of 76*f**3/3 - f**2/2 + 2*f + 4